se -6*l + y*l = -42. Suppose c = l - 6. What is the units digit of c?
8
Let l(b) = 19*b**2 - 8*b - 11. What is the units digit of l(-2)?
1
Let a = -1 - -1. Let t = 1 + a. What is the units digit of t?
1
Suppose 3 = -3*k - 0. Let l be 1/(0 + k/4). What is the units digit of (1 + (-6)/4)*l?
2
Suppose -w + 14 - 12 = 0. What is the units digit of (w/(-6) - -1)*69?
6
What is the tens digit of 208/(-10)*40/(-16)?
5
Suppose -5*a - 4*y = -62, 0 = a + a + 3*y - 22. Let o be (a + 1 + 0)*1. Let i = o - 8. What is the units digit of i?
7
Suppose -3*f - i - 1 = -8*f, -4*f = -2*i - 2. What is the units digit of 6/1 - (-3 - f)?
9
Suppose -3*f - 5 = 1. Let i be -1 + 2 + f + 5. Let j = 8 - i. What is the units digit of j?
4
Let u(p) be the second derivative of -p**5/20 + 2*p**4/3 - 4*p**3/3 + 9*p**2/2 - p. Let c be u(7). What is the units digit of (1/2)/(c/12)?
3
Suppose 4*h + 12 = t, -5*t + 41 = -0*t - h. Let p(g) = -t*g**2 - 6*g + 11*g**2 + 8 - 4*g**2. What is the units digit of p(-6)?
8
Suppose f + 5 = 5*w, 0*f - w + 7 = f. Suppose -4 = f*m - 9. What is the units digit of m?
1
Suppose q = 5*q - 44. Let j(t) = t**3 + 6*t**2 - 7*t + 5. Let o be j(-7). Suppose o*y - 24 - q = 0. What is the units digit of y?
7
Let w = 267 + -155. What is the units digit of w?
2
Let u = 257 + -162. What is the tens digit of u?
9
Suppose 0 = -4*r + h + 143, -2*r - 117 = -5*r + 4*h. What is the units digit of r?
5
Suppose 0 = 4*j + j - 10. What is the units digit of j?
2
Let h(s) = -2*s - 1. Let k(z) = -2*z. Let w(f) = 5*h(f) - 6*k(f). Let p be w(7). Suppose 4*n = l - 6*l + p, -2 = -2*l - 2*n. What is the units digit of l?
5
Let u(c) be the first derivative of -c**4/4 + 12*c + 6. What is the units digit of u(0)?
2
Suppose -3*q - 3*y = -171, -4*q - y + 213 = -0*y. What is the units digit of q?
2
Let y = 1 + -1. Let s(g) = -g**3 - g. Let u be s(-1). Suppose z = -4*t - u*z + 13, y = -t + 4*z + 27. What is the units digit of t?
7
Suppose -6*b = -9*b - 24. Let u = -32 + 23. Let o = b - u. What is the units digit of o?
1
Suppose m + 299 = s, -s + 896 = 2*s - 2*m. What is the hundreds digit of s?
2
Let q be (-4)/(-8)*-2 - -5. Suppose 3 = q*m - m. What is the units digit of m?
1
Suppose 2*i + 4*r = i + 35, 5*i - r - 175 = 0. What is the units digit of i?
5
Let z = 0 + 2. Let s(w) = -w + 4*w**2 + 0*w**2 - 3 + z. What is the units digit of s(2)?
3
Let m(l) = l**3 - 8*l**2 - 10*l + 3. Let v be m(9). Let a be (v/(-9))/(2/(-3)). Let q = a + 16. What is the units digit of q?
5
Let d(t) = -t**3 + 3*t**2 + 3*t + 2. Let s be d(4). Suppose p + m = 3, -4*p + 0*p - m = -18. Let i = p + s. What is the units digit of i?
3
Let j(v) = 5*v - 1. Let m be j(2). Suppose -2*w - 4*n = -m*n + 18, 3*n = -4*w + 16. What is the units digit of w?
1
Let p(i) = -i**2 + 6*i + 3. Let t be p(6). What is the units digit of (-3 - (t + -17))/1?
1
Suppose -1 = q + 18. Let z = q + 31. What is the tens digit of z?
1
Suppose 1 = p - 4. Suppose 23 = 4*r - p. What is the units digit of r?
7
What is the units digit of -41*((-2 - 0) + -2 + 3)?
1
Let c(o) = 10*o - 1. What is the tens digit of c(2)?
1
Let h = 10 + -16. Let u(p) = p**2 + 4*p - 8. What is the units digit of u(h)?
4
Let r(q) = -7 - q**2 + q - q + 9*q. Let c be r(9). Let h = 20 + c. What is the tens digit of h?
1
Let r = 99 + -18. What is the units digit of r?
1
Suppose 35 = 2*g - 69. What is the tens digit of g?
5
Let s(j) be the first derivative of -j**4/4 + 7*j**3/3 + 9*j**2/2 + 2*j - 5. What is the units digit of s(8)?
0
Let g(s) = 20*s**2 + s + 1. Suppose 4*q + 0 = 5*w + 25, 0 = w + 2*q - 9. Let m be g(w). Suppose -l = -5*l + m. What is the units digit of l?
5
Let j(b) = 39*b - 41. What is the tens digit of j(5)?
5
Suppose 2*d + 1 = d. What is the units digit of 12 + d + -1 + -3?
7
Suppose 5*w - 270 + 45 = 0. Suppose -3*y - 2*y + w = 0. What is the units digit of y?
9
Suppose -4*p + 5*n - 13 = -971, -4*p = -4*n - 956. What is the hundreds digit of p?
2
Suppose 3*i = 5*h - 5, -5*i + h + 1 = 2*h. Suppose 0 = -3*j + l + 61, i*j - 4*l = 3*j - 41. What is the tens digit of j?
1
Suppose -5*s - 2*c = -7*c - 1020, 5*s = 2*c + 1017. What is the units digit of s?
3
Let q be (-2)/(((-3)/(-2))/(-3)). Suppose 13 = y + q. What is the units digit of y?
9
Let a = -222 + 545. What is the tens digit of a?
2
Suppose -2*o - o - 18 = 0. What is the units digit of (-92)/(-6) - 4/o?
6
Let g(d) = d**3 + 2*d**2 - d + 3. Let c be g(-4). Let p = -13 - c. What is the tens digit of p?
1
Let u = -12 + 5. Let z(g) = 3 + g**2 + 0 + 6*g - 6. What is the units digit of z(u)?
4
Let v(h) be the third derivative of h**6/360 + h**5/20 + h**4/4 - h**3/6 - 3*h**2. Let o(t) be the first derivative of v(t). What is the units digit of o(-6)?
6
Let k be ((4 + -346)/1)/(-2). Suppose 4*x - 3*g = -0*x + k, 4*x - g - 177 = 0. What is the units digit of x?
5
Let u(f) = f**2 - 8*f - 4. What is the units digit of u(13)?
1
Suppose -4*l + 37 = 5*v, -5*l - 2*v - v = -30. Suppose 4*f - 4 = l*f. Suppose -75 = -9*b + f*b - 5*u, 7 = b - u. What is the tens digit of b?
1
Let n(q) = -q**2 - 2*q + 3. Let z(p) = p**2 + 6*p - 3. Let x be z(-6). Let k be n(x). Let d(b) = -b**3 + b**2 - b + 5. What is the units digit of d(k)?
5
What is the tens digit of (-2 + (-28)/(-8))*38?
5
Suppose g - 3*k - 9 = 0, 3*g + k - 28 = 9. What is the units digit of (-80)/g*(-6)/5?
8
Let i = 5 + 0. Suppose 81 = 4*l - i*p, -79 = -3*l - 4*p - 26. What is the units digit of l?
9
Suppose -4*h = -p + 24, -3*h = p + 16 - 5. Suppose p*y - 87 = y. What is the tens digit of y?
2
Let j = 4 + 1. Let w(x) = 8*x - 5*x + j*x + 4*x - x**2 - 5. What is the units digit of w(11)?
6
Let b = 1 - 7. Let x(w) = w**2 + 4*w - 2. Let v be x(b). Suppose -5*t = v, -2*p - 2*t = -0*t - 8. What is the units digit of p?
6
Suppose 4*u = 2*r - 3*r + 22, 4*r = 3*u - 7. Suppose -r*g - 4*d + 2 = 0, 0*g + 5*g = -2*d - 3. What is the units digit of g/((-1 + 0)*1)?
1
Let r(z) be the third derivative of z**4/6 - z**3/2 + 2*z**2. What is the tens digit of r(5)?
1
Suppose -3*x - 4 + 10 = 0. Suppose 4*n + 18 - 57 = -5*h, -x*n + 57 = -5*h. What is the units digit of (1*-1)/((-4)/n)?
4
Let j(a) = 3*a. What is the tens digit of j(17)?
5
Let z(f) = 39*f**2 - 5*f + 4. What is the units digit of z(2)?
0
Suppose -z = -4*c - 11, 2*z = -z - 3. Let j = 0 - c. Suppose -j*g - 45 = -8*g. What is the units digit of g?
9
Let p(y) = y**3 + 9*y**2 - 4*y - 6. Let j be p(-9). Suppose 202 = 4*i + j. What is the units digit of i?
3
Let j(t) = 12*t + 9. Let c(v) = 2*v**2 - v + 2. Let u be c(2). Let w be j(u). Suppose 5*n - w = -5. What is the units digit of n?
0
Let n(f) = -f**2 + 8*f + 2. Let p = 5 + 2. What is the units digit of n(p)?
9
Let t(j) = -j**2 - j + 1. Let z(k) = -5*k**2 - 8*k - 2. Let p(q) = 4*t(q) - z(q). What is the units digit of p(-4)?
6
Let n be 14/2 - (1 + 1). Let j(a) = -a**2 + 6*a - 1. Let w be j(5). Suppose 0 = 5*s + i - 23, -w*i = -n*s + 5 + 3. What is the units digit of s?
4
Let m(c) = -c + 14. Let i be m(6). Let o be 1*(-2*1 + i). What is the units digit of 3/o*(7 + 1)?
4
Let d = -99 + 198. What is the tens digit of d?
9
Let g(x) = -3*x - 7. Let n be g(-6). Suppose -o - n = -4*c, -3*c - 4*o + 9*o = -4. What is the units digit of c?
3
Let q(u) = -u**3 - 4*u**2 - 3*u + 5. Let r(w) = -2*w**2 - 2*w. Suppose 0 = g - 5*x - 3, 3*g + 7 = -g + x. Let h be r(g). What is the units digit of q(h)?
7
Suppose 40 = 5*o + 15. Suppose -o*u - 75 = -5*g, -5*g - 3*u + 81 = -34. What is the units digit of g?
0
Let j(l) = -6*l**2 - l**3 + 7*l + 5*l**2 - 4*l**2 + 0*l**2 + 2. What is the units digit of j(-7)?
1
Let j be (-4)/(-2) + -3 - 1. Let c(t) = t**2 - 2*t + 1. What is the units digit of c(j)?
9
Suppose -k + 31 = -5. Suppose -c + k = 2*c. What is the tens digit of c?
1
Suppose 5*i = -y + 5 + 14, 5*y = 20. Let n be (0 + 0)/((-3)/3). Suppose n = i*z - z - 12. What is the units digit of z?
6
Let x = 4 + 1. Let q = -3 + x. Suppose 4*h - 2*h = q. What is the units digit of h?
1
Suppose -q - 3 = 0, -3*g + q + 0*q + 3 = 0. Suppose -4*y - 4*p + 112 = 0, 3*y + 5*p = -g*y + 92. What is the units digit of y?
4
Let y(g) = 5*g**2 - 2*g - 1. What is the tens digit of y(5)?
1
Suppose -4*g = -2*b - 8, g + 3*b + 2 = 2*g. Let w be -2*(g + (-3)/1). What is the units digit of -1 + (5 - (w + -1))?
3
Let h be (22*(-8)/4)/(-2